 q(y) = -y**3 + 6*y**2 + 6. Let f be q(6). Let w = 303 + f. What is the units digit of w?
9
Let c be (-99)/(-12)*(0 + 0 + 12). Let a = c - 59. What is the tens digit of a?
4
Let u(m) = -m + 8. Let a(s) = s**2 + 15*s + 20. Let h be a(-14). Let c be u(h). Suppose y + c - 43 = 0. What is the tens digit of y?
4
Let l(y) = 53*y**2 - 6*y - 168. What is the tens digit of l(-11)?
1
Suppose 1217 = 8*i - 679. What is the units digit of i?
7
Let s(p) = p**2 - 8*p - 3. Let d be s(8). Let y be 14 + (-4 - 3/d). What is the tens digit of (y/(-3))/(9/(-54))?
2
Let i(b) = b**3 + 9*b**2 - b - 6. Let o be i(-9). Suppose o*d = 2*d + 8. Suppose -3*a + d*a - 10 = 0. What is the units digit of a?
2
Let t(d) = -d**2 - 30*d - 39. Let k be t(-25). Let q = -80 + k. What is the units digit of q?
6
Suppose 10*n = 5*n - 80. Let y be 0/((-5)/((-20)/n)). Suppose y = 2*a + 3*p - 85 + 8, -4*p = -4. What is the tens digit of a?
3
Suppose 4*d = -2*o + 120, 2*o - 88 = -d - 2*d. Let g(m) = 27*m**2 - m - 1. Let n be g(-1). Suppose -d = -i + n. What is the units digit of i?
9
Let b = 1863 + 669. What is the hundreds digit of b?
5
Suppose -2*x + 3*m + 719 + 2151 = 0, -5*x - 4*m = -7221. What is the tens digit of x?
4
Suppose -488*q + 8540 = -481*q. What is the thousands digit of q?
1
What is the units digit of (-6)/(26243/3752 + -7)?
2
Suppose -3*g + 4159 = -5*u, 0 = 26*g - 28*g - 5*u + 2806. What is the tens digit of g?
9
Let z be (-22)/7 - 2/(-14). Let m be 60 - (-1)/(2 + z). Suppose 5*b - 21 = -4*t + m, -2*b + t = -19. What is the tens digit of b?
1
Suppose 5*x + 0*x = l + 23, -2*l - 4*x = -24. Let q(t) be the third derivative of t**5/60 + t**4/12 - t**3/6 - 3*t**2. What is the units digit of q(l)?
7
Suppose -958 = -2*z - 2*p + 1626, z = 2*p + 1295. What is the tens digit of z?
9
What is the units digit of (-72)/(-120) + (-6844)/(-10) + -3?
2
Let i(g) = 67*g**2 - 40*g + 15. What is the tens digit of i(6)?
8
Suppose -14*s + 4*s = -5640. What is the hundreds digit of s?
5
Let n(f) = 13*f**2 + 37*f + 16. Let s(c) = 3*c**2 + 9*c + 4. Let t(z) = 2*n(z) - 9*s(z). Suppose 0 = -2*p + 41 - 53. What is the units digit of t(p)?
2
Suppose a = -5*h + 93, -a - 86 = -2*a + 2*h. Suppose -2*q - 153 = -5*m - 19, 0 = 2*q - 3*m + 130. Let n = q + a. What is the tens digit of n?
2
Suppose -91*j + 84*j + 7805 = 0. What is the thousands digit of j?
1
Suppose -3*n + 12 + 27 = 0. Let v(t) = 4*t**2 - 5*t - 7. Let l be v(-3). Suppose l = 3*p - n. What is the units digit of p?
9
Let t(b) = -2*b**2 + 7*b + 8. Suppose p + 20 = -3*p. Let y be t(p). Let h = -46 - y. What is the tens digit of h?
3
Let s(b) = 4*b**2 + 53*b + 138. What is the hundreds digit of s(-29)?
9
Let f be 8/3*3 + -2. Let g(u) = u**3 + u**2 + 2*u + 4. Let m be g(0). Suppose -m*j = -6 - f. What is the units digit of j?
3
Let d(u) = -u**2 - 5*u + 16. Let o be d(-7). Suppose 9 = -o*j + j. What is the units digit of (-7 - j) + (-1 - -4)?
5
Suppose -2*f - 2 = -f, -11 = n + 4*f. Suppose 0 = q - 4*o - 21, -2*q - 4*o = -0*q - 42. Let l = q + n. What is the units digit of l?
8
Let h(d) be the first derivative of -d**4/4 + 2*d**3 - d**2/2 - 9*d - 11. Let v = 9 - 5. What is the units digit of h(v)?
9
Suppose v - 378 = -3*j + 84, -3*j + 468 = 3*v. What is the tens digit of j?
5
Let l(p) = -4*p**3 + 5*p**2 - 4*p. Let y be l(2). What is the tens digit of (-4)/(y/(-15)) + 46?
4
Let m(l) = -4*l + 72. Let o be m(0). Let q = -20 + o. What is the tens digit of q?
5
Let p(r) = -r**3 + 14*r**2 + 18*r - 19. Let w = 54 + -39. What is the units digit of p(w)?
6
What is the units digit of 1/(-2) - (-26088)/48?
3
Let y(z) = 7*z**2 + 5*z + 3. Let v(u) = u**3 - 3*u**2 + 2*u + 6. Let c be v(2). What is the units digit of y(c)?
5
Suppose b - 2 = -2*b - 5*y, -2*b + 2 = 4*y. What is the units digit of ((-13)/13 - 11*1)*b?
2
What is the tens digit of ((-3)/15)/(1/(-4535))?
0
Let x = 0 - -3. Let n(r) = -x + 4 - 6*r**2 - 2*r + 12*r - r**3 + 0*r**2. What is the units digit of n(-8)?
9
Let c(k) = -5*k - 7. Let h be c(-7). Suppose 2*t - 11 = i, -5*t + 7 = -5*i - h. What is the units digit of (-10)/i - 12/(-18)?
4
Suppose -37*j = -32*j + 45. What is the hundreds digit of (-2)/j - 2876/(-18)?
1
What is the hundreds digit of (7 - -9) + -8 + 350?
3
Suppose -4*w + 100 = -2*l - 2*l, -4*w - 84 = 4*l. Let i = l - -65. What is the tens digit of i?
4
Suppose -8*z = -2522 + 698. What is the tens digit of z?
2
Suppose -723 = -3*o - 3*p, -2*o = 2*o + 2*p - 954. Suppose -2*h + o = 4*f, -5*h - 133 = -5*f + 162. What is the tens digit of f?
5
Suppose -25 + 85 = -4*l. Let d be 8/12 - 110/l. Let i = 2 + d. What is the units digit of i?
0
Let i = -248 - -564. What is the hundreds digit of i?
3
What is the units digit of 51597/245 - (-2)/5?
1
Let n = -16 + 13. Let f = 3 - n. What is the tens digit of (17/4)/(f/24)?
1
Let q(h) = -2*h**2 + 3*h + 11. Let c be q(5). Let w = 50 + c. What is the units digit of w?
6
Let c(u) = 4*u**2 - 4*u - 5. Let p be c(-2). Let z = -16 + p. What is the units digit of (2/5)/(z/90)?
2
Let v = -46 - -47. Suppose -6*k + 29 = -v. What is the units digit of k?
5
Let v(j) be the third derivative of -j**5/60 + j**4/24 + 14*j**3/3 + 4*j**2. Suppose 3*h = -2*h. What is the units digit of v(h)?
8
Let d be 234/(-10) - 10/(-25). Suppose 5*k - 2*h + 7 - 232 = 0, -k - h + 38 = 0. Let v = k + d. What is the units digit of v?
0
Suppose -3*v = 17 - 2. Let a(d) = d - 17. Let x be a(v). Let n = -10 - x. What is the units digit of n?
2
Suppose -3*x - 4*i = -8247 + 1522, 5*x - 11165 = 2*i. What is the units digit of x?
5
Let o = -39 + 44. Suppose -2*r + 11 = o*u, -5*r - 22 = 2*u - 6*u. What is the units digit of u?
3
Let u(j) = j**3 + 31*j**2 - 2*j - 15*j**2 + 4*j**2 - 27. What is the tens digit of u(-20)?
1
Suppose -w = 2*y - 126, -4*w - 4*y + 384 = -w. Suppose w = -2*x + 532. What is the hundreds digit of x?
2
Let n = 13 + -6. Let g = 310 + -312. Let x = n - g. What is the units digit of x?
9
Let f = 12 - 9. Let q be (-88)/1*f/2. What is the units digit of ((-7)/14)/(2/q)?
3
Suppose -20 = -5*f, -716 = -2*m - 8*f + 3*f. What is the units digit of m?
8
What is the hundreds digit of (-40)/(-3)*192/8?
3
Suppose -2*g - 4*n = -1433 - 8305, -2*g + n + 9758 = 0. What is the units digit of g?
7
Suppose -2*v = 5*m + 569 - 1590, -m + 506 = v. What is the tens digit of v?
0
What is the units digit of (-7 + -37)/(16/(-72))?
8
Let w(i) = 21*i - 4. Let q(r) = r. Let c(b) = 5*q(b) + w(b). What is the tens digit of c(4)?
0
Let n(t) = 8*t**2 + 3*t - 2. Let q(m) = -m**3 - 14*m**2 - 14*m - 16. Let v be q(-13). Let i = -1 - v. What is the tens digit of n(i)?
3
Let z = 32 + 74. Suppose -2*s + z = -0*s + 5*x, 0 = s - 5*x - 38. What is the units digit of s?
8
Suppose 2*d + 146 = 4*d. Let h = d - 24. Let i = h + -24. What is the tens digit of i?
2
Suppose 91 = -4*f - 5*g, -f - 104 = 4*f + 3*g. Let p be 38 + -1 + (-1 - -1). Let m = f + p. What is the units digit of m?
8
Suppose -z + 5 = -4. Let x(d) = -d**2 + 16*d - 24. Let o be x(14). Suppose -o*a + 3 = -z. What is the units digit of a?
3
Let y = -350 + 246. What is the units digit of (1 + 0)*y/(-8)?
3
Suppose -b - 43 = -2*b. Suppose -j + 53 = 5*l, j + 3*l - b = -0*j. What is the tens digit of j?
2
Let v(b) = -10 + 10 + 2*b. Let r be v(6). What is the tens digit of r + (-3 + 1 - -3)?
1
Suppose -5*q = -39 + 4. Let a = 36 - q. Let g = 48 - a. What is the units digit of g?
9
Let u = -6 - -10. Suppose 8 = 6*o - u*o. Suppose -o*h - 3*x + 22 = 0, 2*x + 32 = -2*h + 6*h. What is the units digit of h?
7
Let f(o) be the first derivative of o**4/4 + 14*o**3/3 + 7*o**2/2 - 6*o - 7. What is the hundreds digit of f(-12)?
1
What is the tens digit of (-54468)/(-48) + (-49)/28?
3
Let u = -444 - -1002. What is the units digit of u?
8
What is the hundreds digit of (-1011)/(-4*(-3)/(-44)) - 4?
7
Let m = -57 + 60. Suppose 0*c - m*c = -285. What is the tens digit of c?
9
Suppose 4*q + 548 = -52. Let r = -27 - q. What is the units digit of r?
3
Let w(d) = 112*d**3 - 3*d**2 + 3. What is the tens digit of w(1)?
1
Suppose 1099 = 3*z - 4*t, -12*z + 11*z - 5*t = -398. What is the units digit of z?
3
Let t be (-1 - (-147)/9)/((-5)/(-15)). Let w = t + -42. What is the units digit of w?
4
Let u = 47 - 50. What is the tens digit of (-1)/u - (-1012)/33?
3
Suppose -u = 13 - 1. Let w be 1 - 1 